{"id":102,"date":"2020-10-06T20:55:31","date_gmt":"2020-10-06T18:55:31","guid":{"rendered":"https:\/\/die-kinder-villa.de\/?page_id=102"},"modified":"2021-02-08T12:08:01","modified_gmt":"2021-02-08T11:08:01","slug":"unser-konzept","status":"publish","type":"page","link":"https:\/\/die-kinder-villa.de\/index.php\/unser-konzept\/","title":{"rendered":"Unser Konzept"},"content":{"rendered":"<p>[et_pb_section fb_built=&#8220;1&#8243; _builder_version=&#8220;4.6.6&#8243; _module_preset=&#8220;default&#8220; custom_padding=&#8220;20px||20px||false|false&#8220;][et_pb_row _builder_version=&#8220;4.6.6&#8243; _module_preset=&#8220;default&#8220; custom_margin=&#8220;0px||0px||false|false&#8220; custom_padding=&#8220;20px||0px||false|false&#8220; hover_enabled=&#8220;0&#8243; sticky_enabled=&#8220;0&#8243;][et_pb_column type=&#8220;4_4&#8243; _builder_version=&#8220;4.6.6&#8243; _module_preset=&#8220;default&#8220;][et_pb_text _builder_version=&#8220;4.8.2&#8243; _module_preset=&#8220;default&#8220; header_4_line_height=&#8220;1.4em&#8220; hover_enabled=&#8220;0&#8243; header_2_text_align=&#8220;center&#8220; custom_padding=&#8220;10px|20px|10px|20px|true|true&#8220; sticky_enabled=&#8220;0&#8243; header_2_text_align_last_edited=&#8220;on|desktop&#8220; header_4_text_align_last_edited=&#8220;on|phone&#8220; header_4_text_align=&#8220;left&#8220; header_4_text_align_tablet=&#8220;center&#8220; header_2_line_height=&#8220;1.4em&#8220; header_2_line_height_last_edited=&#8220;on|desktop&#8220;]<\/p>\n<h2>Das p\u00e4dagogische Konzept<\/h2>\n<h4>Die Kinderg\u00e4rtnerinnen arbeiten auf der Grundlage der Lehre Sebastian Kneipps. Sie basiert im Wesentlichen auf 5 Elementen.<\/h4>\n<p>[\/et_pb_text][\/et_pb_column][\/et_pb_row][et_pb_row column_structure=&#8220;1_2,1_2&#8243; _builder_version=&#8220;4.8.2&#8243; _module_preset=&#8220;default&#8220; background_color=&#8220;#353C91&#8243; hover_enabled=&#8220;0&#8243; background_enable_color=&#8220;on&#8220; sticky_enabled=&#8220;0&#8243;][et_pb_column type=&#8220;1_2&#8243; _builder_version=&#8220;4.6.6&#8243; _module_preset=&#8220;default&#8220;][et_pb_image src=&#8220;https:\/\/die-kinder-villa.de\/wp-content\/uploads\/2020\/11\/gesEssen.jpg&#8220; title_text=&#8220;gesEssen&#8220; _builder_version=&#8220;4.8.2&#8243; _module_preset=&#8220;default&#8220; hover_enabled=&#8220;0&#8243; border_radii=&#8220;off|15px|||15px&#8220; sticky_enabled=&#8220;0&#8243; align_last_edited=&#8220;on|phone&#8220;][\/et_pb_image][\/et_pb_column][et_pb_column type=&#8220;1_2&#8243; _builder_version=&#8220;4.6.6&#8243; _module_preset=&#8220;default&#8220;][et_pb_text _builder_version=&#8220;4.8.2&#8243; _module_preset=&#8220;default&#8220; text_font=&#8220;|700|||||||&#8220; text_text_color=&#8220;#ffffff&#8220; header_3_text_color=&#8220;#ffffff&#8220; hover_enabled=&#8220;0&#8243; header_3_text_align_last_edited=&#8220;on|phone&#8220; sticky_enabled=&#8220;0&#8243; header_3_text_align=&#8220;left&#8220; header_3_text_align_tablet=&#8220;center&#8220;]<\/p>\n<h3>Ern\u00e4hrung<\/h3>\n<p>[\/et_pb_text][et_pb_text _builder_version=&#8220;4.8.2&#8243; _module_preset=&#8220;default&#8220; text_text_color=&#8220;#FFFFFF&#8220; hover_enabled=&#8220;0&#8243; sticky_enabled=&#8220;0&#8243; text_orientation_last_edited=&#8220;on|phone&#8220; text_orientation_tablet=&#8220;center&#8220; custom_padding_last_edited=&#8220;on|phone&#8220; custom_padding=&#8220;||||false|true&#8220; custom_padding_tablet=&#8220;|20px||20px|false|true&#8220; custom_padding_phone=&#8220;|10px||10px|false|true&#8220;]<\/p>\n<p>Gesunde Ern\u00e4hrung hat einen hohen Stellenwert in unserem Alltag. Fr\u00fchst\u00fcck und Kaffee bereiten wir selbst zu. Auf Zucker und Weizen verzichten wir weitestgehend und ersetzen diese durch gesunde Lebensmittel wie Honig und Vollkornprodukte.<\/p>\n<p>[\/et_pb_text][\/et_pb_column][\/et_pb_row][et_pb_row column_structure=&#8220;1_2,1_2&#8243; _builder_version=&#8220;4.8.2&#8243; _module_preset=&#8220;default&#8220; background_color=&#8220;#353C91&#8243; hover_enabled=&#8220;0&#8243; background_enable_color=&#8220;on&#8220; sticky_enabled=&#8220;0&#8243;][et_pb_column type=&#8220;1_2&#8243; _builder_version=&#8220;4.6.6&#8243; _module_preset=&#8220;default&#8220;][et_pb_text _builder_version=&#8220;4.8.2&#8243; _module_preset=&#8220;default&#8220; header_3_text_align=&#8220;center&#8220; header_3_text_color=&#8220;#ffffff&#8220; hover_enabled=&#8220;0&#8243; header_3_text_align_last_edited=&#8220;on|phone&#8220; sticky_enabled=&#8220;0&#8243;]<\/p>\n<h3>Kr\u00e4uter<\/h3>\n<p>[\/et_pb_text][et_pb_text _builder_version=&#8220;4.8.2&#8243; _module_preset=&#8220;default&#8220; text_text_color=&#8220;#FFFFFF&#8220; text_orientation_last_edited=&#8220;on|phone&#8220; hover_enabled=&#8220;0&#8243; sticky_enabled=&#8220;0&#8243; text_orientation_tablet=&#8220;center&#8220; custom_padding=&#8220;|||80px|false|false&#8220; custom_padding_last_edited=&#8220;on|phone&#8220; custom_padding_tablet=&#8220;|20px||20px|false|true&#8220; custom_padding_phone=&#8220;|10px||10px|false|true&#8220;]<\/p>\n<p>Wir sammeln Kr\u00e4uter in der Natur und pflegen unser Kr\u00e4uterbeet im Kindergarten. So haben wir stets frische Petersilie oder Schnittlauch f\u00fcr unseren Quark. Auch Kr\u00e4utertees k\u00f6nnen wir ernten.<\/p>\n<p>[\/et_pb_text][\/et_pb_column][et_pb_column type=&#8220;1_2&#8243; _builder_version=&#8220;4.6.6&#8243; _module_preset=&#8220;default&#8220;][et_pb_image src=&#8220;https:\/\/die-kinder-villa.de\/wp-content\/uploads\/2020\/11\/kraeuter.jpg&#8220; title_text=&#8220;kraeuter&#8220; _builder_version=&#8220;4.6.6&#8243; _module_preset=&#8220;default&#8220; scroll_horizontal_motion=&#8220;0|51|51|100|4|0|-4&#8243; border_radii=&#8220;off||15px|15px|&#8220;][\/et_pb_image][\/et_pb_column][\/et_pb_row][et_pb_row column_structure=&#8220;1_2,1_2&#8243; _builder_version=&#8220;4.8.2&#8243; _module_preset=&#8220;default&#8220; background_color=&#8220;#353C91&#8243; hover_enabled=&#8220;0&#8243; background_enable_color=&#8220;on&#8220; sticky_enabled=&#8220;0&#8243;][et_pb_column type=&#8220;1_2&#8243; _builder_version=&#8220;4.6.6&#8243; _module_preset=&#8220;default&#8220;][et_pb_image src=&#8220;https:\/\/die-kinder-villa.de\/wp-content\/uploads\/2020\/11\/wasseranwendungen.jpg&#8220; title_text=&#8220;wasseranwendungen&#8220; _builder_version=&#8220;4.8.2&#8243; _module_preset=&#8220;default&#8220; hover_enabled=&#8220;0&#8243; border_radii=&#8220;off|15px|||15px&#8220; align_last_edited=&#8220;on|phone&#8220; sticky_enabled=&#8220;0&#8243;][\/et_pb_image][\/et_pb_column][et_pb_column type=&#8220;1_2&#8243; _builder_version=&#8220;4.6.6&#8243; _module_preset=&#8220;default&#8220;][et_pb_text _builder_version=&#8220;4.8.2&#8243; _module_preset=&#8220;default&#8220; header_3_text_color=&#8220;#ffffff&#8220; hover_enabled=&#8220;0&#8243; sticky_enabled=&#8220;0&#8243; header_3_text_align_last_edited=&#8220;on|phone&#8220; header_3_text_align=&#8220;left&#8220; header_3_text_align_tablet=&#8220;center&#8220;]<\/p>\n<h3>Wasser<\/h3>\n<p>[\/et_pb_text][et_pb_text _builder_version=&#8220;4.8.2&#8243; _module_preset=&#8220;default&#8220; text_text_color=&#8220;#FFFFFF&#8220; text_orientation_last_edited=&#8220;on|phone&#8220; hover_enabled=&#8220;0&#8243; sticky_enabled=&#8220;0&#8243; text_orientation_tablet=&#8220;center&#8220;]<\/p>\n<p>Mit warmen und kalten Fu\u00dfb\u00e4dern halten wir uns fit und st\u00e4rken die Abwehrkr\u00e4fte.<\/p>\n<p>[\/et_pb_text][\/et_pb_column][\/et_pb_row][et_pb_row column_structure=&#8220;1_2,1_2&#8243; _builder_version=&#8220;4.8.2&#8243; _module_preset=&#8220;default&#8220; background_color=&#8220;#353C91&#8243; hover_enabled=&#8220;0&#8243; background_enable_color=&#8220;on&#8220; sticky_enabled=&#8220;0&#8243;][et_pb_column type=&#8220;1_2&#8243; _builder_version=&#8220;4.6.6&#8243; _module_preset=&#8220;default&#8220;][et_pb_text _builder_version=&#8220;4.8.2&#8243; _module_preset=&#8220;default&#8220; header_3_text_align=&#8220;center&#8220; header_3_text_color=&#8220;#ffffff&#8220; hover_enabled=&#8220;0&#8243; header_3_text_align_last_edited=&#8220;on|phone&#8220; sticky_enabled=&#8220;0&#8243;]<\/p>\n<h3>Bewegung<\/h3>\n<p>[\/et_pb_text][et_pb_text _builder_version=&#8220;4.8.2&#8243; _module_preset=&#8220;default&#8220; text_text_color=&#8220;#FFFFFF&#8220; text_orientation_last_edited=&#8220;on|phone&#8220; hover_enabled=&#8220;0&#8243; sticky_enabled=&#8220;0&#8243; text_orientation_tablet=&#8220;center&#8220; custom_padding=&#8220;|||80px|false|false&#8220; custom_padding_last_edited=&#8220;on|phone&#8220; custom_padding_tablet=&#8220;|||20px|false|false&#8220; custom_padding_phone=&#8220;|||10px|false|false&#8220;]<\/p>\n<p>T\u00e4gliche Bewegung im Freien oder bei sportlichen Angeboten f\u00f6rdern K\u00f6rper und Geist.<\/p>\n<p>[\/et_pb_text][\/et_pb_column][et_pb_column type=&#8220;1_2&#8243; _builder_version=&#8220;4.6.6&#8243; _module_preset=&#8220;default&#8220;][et_pb_image src=&#8220;https:\/\/die-kinder-villa.de\/wp-content\/uploads\/2020\/11\/sport.jpg&#8220; title_text=&#8220;sport&#8220; _builder_version=&#8220;4.6.6&#8243; _module_preset=&#8220;default&#8220; border_radii=&#8220;off||15px|15px|&#8220;][\/et_pb_image][\/et_pb_column][\/et_pb_row][et_pb_row column_structure=&#8220;1_2,1_2&#8243; _builder_version=&#8220;4.8.2&#8243; _module_preset=&#8220;default&#8220; background_color=&#8220;#353C91&#8243; hover_enabled=&#8220;0&#8243; background_enable_color=&#8220;on&#8220; sticky_enabled=&#8220;0&#8243;][et_pb_column type=&#8220;1_2&#8243; _builder_version=&#8220;4.6.6&#8243; _module_preset=&#8220;default&#8220;][et_pb_image src=&#8220;https:\/\/die-kinder-villa.de\/wp-content\/uploads\/2020\/11\/lebensordnung.jpg&#8220; title_text=&#8220;lebensordnung&#8220; _builder_version=&#8220;4.8.2&#8243; _module_preset=&#8220;default&#8220; hover_enabled=&#8220;0&#8243; border_radii=&#8220;off|15px|||15px&#8220; sticky_enabled=&#8220;0&#8243;][\/et_pb_image][\/et_pb_column][et_pb_column type=&#8220;1_2&#8243; _builder_version=&#8220;4.6.6&#8243; _module_preset=&#8220;default&#8220;][et_pb_text _builder_version=&#8220;4.8.2&#8243; _module_preset=&#8220;default&#8220; header_3_text_color=&#8220;#ffffff&#8220; hover_enabled=&#8220;0&#8243; header_3_text_align_last_edited=&#8220;on|phone&#8220; header_3_text_align=&#8220;left&#8220; sticky_enabled=&#8220;0&#8243; header_3_text_align_tablet=&#8220;center&#8220;]<\/p>\n<h3>Lebensordnung<\/h3>\n<p>[\/et_pb_text][et_pb_text _builder_version=&#8220;4.8.2&#8243; _module_preset=&#8220;default&#8220; hover_enabled=&#8220;0&#8243; sticky_enabled=&#8220;0&#8243; text_text_color=&#8220;#FFFFFF&#8220; text_orientation_last_edited=&#8220;on|phone&#8220; text_orientation_tablet=&#8220;center&#8220; text_orientation_phone=&#8220;center&#8220;]<\/p>\n<p>Mit Ritualen und einer festen Struktur geht alles leichter. Kinder werden spielerisch mit Regeln und Abl\u00e4ufe vertraut gemacht.<\/p>\n<p>[\/et_pb_text][\/et_pb_column][\/et_pb_row][\/et_pb_section]<\/p>\n","protected":false},"excerpt":{"rendered":"<p>Das p\u00e4dagogische Konzept Die Kinderg\u00e4rtnerinnen arbeiten auf der Grundlage der Lehre Sebastian Kneipps. Sie basiert im Wesentlichen auf 5 Elementen.Ern\u00e4hrungGesunde Ern\u00e4hrung hat einen hohen Stellenwert in unserem Alltag. Fr\u00fchst\u00fcck und Kaffee bereiten wir selbst zu. Auf Zucker und Weizen verzichten wir weitestgehend und ersetzen diese durch gesunde Lebensmittel wie Honig und Vollkornprodukte.Kr\u00e4uterWir sammeln Kr\u00e4uter in [&hellip;]<\/p>\n","protected":false},"author":1,"featured_media":0,"parent":0,"menu_order":0,"comment_status":"closed","ping_status":"closed","template":"","meta":{"_et_pb_use_builder":"on","_et_pb_old_content":"<!-- wp:divi\/placeholder \/-->","_et_gb_content_width":"","footnotes":""},"class_list":["post-102","page","type-page","status-publish","hentry"],"yoast_head":"<!-- This site is optimized with the Yoast SEO plugin v27.4 - https:\/\/yoast.com\/product\/yoast-seo-wordpress\/ -->\n<title>Unser Konzept - Die Kinder Villa<\/title>\n<meta name=\"robots\" content=\"index, follow, max-snippet:-1, max-image-preview:large, max-video-preview:-1\" \/>\n<link rel=\"canonical\" href=\"https:\/\/die-kinder-villa.de\/index.php\/unser-konzept\/\" \/>\n<meta property=\"og:locale\" content=\"de_DE\" \/>\n<meta property=\"og:type\" content=\"article\" \/>\n<meta property=\"og:title\" content=\"Unser Konzept - Die Kinder Villa\" \/>\n<meta property=\"og:description\" content=\"Das p\u00e4dagogische Konzept Die Kinderg\u00e4rtnerinnen arbeiten auf der Grundlage der Lehre Sebastian Kneipps. Sie basiert im Wesentlichen auf 5 Elementen.Ern\u00e4hrungGesunde Ern\u00e4hrung hat einen hohen Stellenwert in unserem Alltag. Fr\u00fchst\u00fcck und Kaffee bereiten wir selbst zu. Auf Zucker und Weizen verzichten wir weitestgehend und ersetzen diese durch gesunde Lebensmittel wie Honig und Vollkornprodukte.Kr\u00e4uterWir sammeln Kr\u00e4uter in [&hellip;]\" \/>\n<meta property=\"og:url\" content=\"https:\/\/die-kinder-villa.de\/index.php\/unser-konzept\/\" \/>\n<meta property=\"og:site_name\" content=\"Die Kinder Villa\" \/>\n<meta property=\"article:modified_time\" content=\"2021-02-08T11:08:01+00:00\" \/>\n<meta name=\"twitter:card\" content=\"summary_large_image\" \/>\n<meta name=\"twitter:label1\" content=\"Gesch\u00e4tzte Lesezeit\" \/>\n\t<meta name=\"twitter:data1\" content=\"5\u00a0Minuten\" \/>\n<script type=\"application\/ld+json\" class=\"yoast-schema-graph\">{\"@context\":\"https:\\\/\\\/schema.org\",\"@graph\":[{\"@type\":\"WebPage\",\"@id\":\"https:\\\/\\\/die-kinder-villa.de\\\/index.php\\\/unser-konzept\\\/\",\"url\":\"https:\\\/\\\/die-kinder-villa.de\\\/index.php\\\/unser-konzept\\\/\",\"name\":\"Unser Konzept - Die Kinder Villa\",\"isPartOf\":{\"@id\":\"https:\\\/\\\/die-kinder-villa.de\\\/#website\"},\"datePublished\":\"2020-10-06T18:55:31+00:00\",\"dateModified\":\"2021-02-08T11:08:01+00:00\",\"breadcrumb\":{\"@id\":\"https:\\\/\\\/die-kinder-villa.de\\\/index.php\\\/unser-konzept\\\/#breadcrumb\"},\"inLanguage\":\"de\",\"potentialAction\":[{\"@type\":\"ReadAction\",\"target\":[\"https:\\\/\\\/die-kinder-villa.de\\\/index.php\\\/unser-konzept\\\/\"]}]},{\"@type\":\"BreadcrumbList\",\"@id\":\"https:\\\/\\\/die-kinder-villa.de\\\/index.php\\\/unser-konzept\\\/#breadcrumb\",\"itemListElement\":[{\"@type\":\"ListItem\",\"position\":1,\"name\":\"Home\",\"item\":\"https:\\\/\\\/die-kinder-villa.de\\\/\"},{\"@type\":\"ListItem\",\"position\":2,\"name\":\"Unser Konzept\"}]},{\"@type\":\"WebSite\",\"@id\":\"https:\\\/\\\/die-kinder-villa.de\\\/#website\",\"url\":\"https:\\\/\\\/die-kinder-villa.de\\\/\",\"name\":\"Die Kinder Villa\",\"description\":\"Ganzheitliche Bildung und spielerisches Lernen\",\"potentialAction\":[{\"@type\":\"SearchAction\",\"target\":{\"@type\":\"EntryPoint\",\"urlTemplate\":\"https:\\\/\\\/die-kinder-villa.de\\\/?s={search_term_string}\"},\"query-input\":{\"@type\":\"PropertyValueSpecification\",\"valueRequired\":true,\"valueName\":\"search_term_string\"}}],\"inLanguage\":\"de\"}]}<\/script>\n<!-- \/ Yoast SEO plugin. -->","yoast_head_json":{"title":"Unser Konzept - Die Kinder Villa","robots":{"index":"index","follow":"follow","max-snippet":"max-snippet:-1","max-image-preview":"max-image-preview:large","max-video-preview":"max-video-preview:-1"},"canonical":"https:\/\/die-kinder-villa.de\/index.php\/unser-konzept\/","og_locale":"de_DE","og_type":"article","og_title":"Unser Konzept - Die Kinder Villa","og_description":"Das p\u00e4dagogische Konzept Die Kinderg\u00e4rtnerinnen arbeiten auf der Grundlage der Lehre Sebastian Kneipps. Sie basiert im Wesentlichen auf 5 Elementen.Ern\u00e4hrungGesunde Ern\u00e4hrung hat einen hohen Stellenwert in unserem Alltag. Fr\u00fchst\u00fcck und Kaffee bereiten wir selbst zu. Auf Zucker und Weizen verzichten wir weitestgehend und ersetzen diese durch gesunde Lebensmittel wie Honig und Vollkornprodukte.Kr\u00e4uterWir sammeln Kr\u00e4uter in [&hellip;]","og_url":"https:\/\/die-kinder-villa.de\/index.php\/unser-konzept\/","og_site_name":"Die Kinder Villa","article_modified_time":"2021-02-08T11:08:01+00:00","twitter_card":"summary_large_image","twitter_misc":{"Gesch\u00e4tzte Lesezeit":"5\u00a0Minuten"},"schema":{"@context":"https:\/\/schema.org","@graph":[{"@type":"WebPage","@id":"https:\/\/die-kinder-villa.de\/index.php\/unser-konzept\/","url":"https:\/\/die-kinder-villa.de\/index.php\/unser-konzept\/","name":"Unser Konzept - Die Kinder Villa","isPartOf":{"@id":"https:\/\/die-kinder-villa.de\/#website"},"datePublished":"2020-10-06T18:55:31+00:00","dateModified":"2021-02-08T11:08:01+00:00","breadcrumb":{"@id":"https:\/\/die-kinder-villa.de\/index.php\/unser-konzept\/#breadcrumb"},"inLanguage":"de","potentialAction":[{"@type":"ReadAction","target":["https:\/\/die-kinder-villa.de\/index.php\/unser-konzept\/"]}]},{"@type":"BreadcrumbList","@id":"https:\/\/die-kinder-villa.de\/index.php\/unser-konzept\/#breadcrumb","itemListElement":[{"@type":"ListItem","position":1,"name":"Home","item":"https:\/\/die-kinder-villa.de\/"},{"@type":"ListItem","position":2,"name":"Unser Konzept"}]},{"@type":"WebSite","@id":"https:\/\/die-kinder-villa.de\/#website","url":"https:\/\/die-kinder-villa.de\/","name":"Die Kinder Villa","description":"Ganzheitliche Bildung und spielerisches Lernen","potentialAction":[{"@type":"SearchAction","target":{"@type":"EntryPoint","urlTemplate":"https:\/\/die-kinder-villa.de\/?s={search_term_string}"},"query-input":{"@type":"PropertyValueSpecification","valueRequired":true,"valueName":"search_term_string"}}],"inLanguage":"de"}]}},"_links":{"self":[{"href":"https:\/\/die-kinder-villa.de\/index.php\/wp-json\/wp\/v2\/pages\/102","targetHints":{"allow":["GET"]}}],"collection":[{"href":"https:\/\/die-kinder-villa.de\/index.php\/wp-json\/wp\/v2\/pages"}],"about":[{"href":"https:\/\/die-kinder-villa.de\/index.php\/wp-json\/wp\/v2\/types\/page"}],"author":[{"embeddable":true,"href":"https:\/\/die-kinder-villa.de\/index.php\/wp-json\/wp\/v2\/users\/1"}],"replies":[{"embeddable":true,"href":"https:\/\/die-kinder-villa.de\/index.php\/wp-json\/wp\/v2\/comments?post=102"}],"version-history":[{"count":5,"href":"https:\/\/die-kinder-villa.de\/index.php\/wp-json\/wp\/v2\/pages\/102\/revisions"}],"predecessor-version":[{"id":991,"href":"https:\/\/die-kinder-villa.de\/index.php\/wp-json\/wp\/v2\/pages\/102\/revisions\/991"}],"wp:attachment":[{"href":"https:\/\/die-kinder-villa.de\/index.php\/wp-json\/wp\/v2\/media?parent=102"}],"curies":[{"name":"wp","href":"https:\/\/api.w.org\/{rel}","templated":true}]}}